hat is the greatest common divisor of y and x?
48
Let s be (-15)/(-1 + (-2)/4). Let b(t) be the second derivative of t**3/3 - 5*t**2 - 102*t. Let f be b(s). What is the highest common factor of 2 and f?
2
Let q = -41 + 45. Let j be 46/q - (-3)/6. Let t(g) = -11*g - 29. Let o be t(-7). Calculate the highest common factor of j and o.
12
Suppose 295565 = 76*p - 1412003. What is the greatest common divisor of 328 and p?
164
Let x(v) = -13*v - 46. Suppose -6 - 8 = f. Let h be x(f). Let y(p) = 3*p**2 - 20*p - 15. Let j be y(8). What is the greatest common factor of h and j?
17
Suppose n - 3 = 17. Let g = n - 18. Let w(m) = 3*m**2 - 2*m + 9. Let l be w(g). Calculate the greatest common divisor of 153 and l.
17
Let g be -3*-15*171/81. Calculate the greatest common divisor of 30 and g.
5
Let q be (-132)/(-110)*2/(-18) - (-1684)/30. Calculate the highest common factor of 1540 and q.
28
Suppose -7*w = 45 - 325. Let o = 1274 + -1146. What is the greatest common factor of o and w?
8
Suppose -3*h - 119 = -3*y - 17, 4*h + 28 = y. Suppose 0 = -1220*w + 127458 + 114102. What is the greatest common factor of y and w?
18
Let k = 242 - 252. Let a be (168/10)/((-3)/k). Calculate the highest common divisor of a and 7.
7
Let x be ((-513)/135*3)/(6/(-70)). Let r be (-46)/(-14) - (-10)/(-35). Suppose k + 14 = g, -2*g + 7*g - 80 = r*k. What is the greatest common factor of x and g?
19
Let p be (2/(-3))/2*6. Let s(z) = -z**3 + z**2 + 8*z - 8. Let w be s(4). Let j be 5*(p - -1)*w. What is the highest common divisor of j and 30?
30
Suppose -4*w + 69 = -56*h + 59*h, 4*h = -5*w + 91. Let c = -10 - -86. What is the highest common factor of h and c?
19
Let s be (-1)/(7/(-94)) - (-45)/(-105). Suppose s*o + 9*o - 242 = 0. Calculate the greatest common divisor of o and 253.
11
Let h(m) = -2*m**2 - 17*m - 30. Let w be h(-6). Suppose w = -4*q + 20, -4*k + 6*k + 2*q - 604 = 0. What is the highest common factor of 22 and k?
11
Suppose 0 = -3*f + 3*b - b + 392, -5*f + 652 = -2*b. Let x = 132 - f. What is the highest common factor of x and 9?
1
Let u be (-18)/12 - (-292)/8 - 3. Let c(m) = -m**3 + 30*m**2 + 69*m + 15. Let z be c(u). What is the highest common factor of z and 7?
7
Let b = -2252 - -4214. What is the highest common divisor of 6322 and b?
218
Let r = -3 - -119. Let c be 51/(-153) + 20/6 + 1. What is the highest common factor of c and r?
4
Let b(g) = 2*g**3 - 2*g**2 - g + 49. Let n = 70 + -70. Let z be b(n). Calculate the greatest common factor of 1 and z.
1
Suppose -54*s = -5816 - 16. Suppose 10*d = 7*d + 810. Calculate the highest common factor of d and s.
54
Let a be 14 - (6 + 0/3). Suppose a*r - 308 = 6*r. Suppose 55 = 5*s + 5*f, 0 = -4*f - 8 - 4. Calculate the highest common factor of r and s.
14
Let m = -15523 + 18150. Calculate the highest common factor of m and 333.
37
Let j = -84 - -87. Let l be j/(-2)*15/(360/(-32)). What is the highest common divisor of 26 and l?
2
Suppose -o + 471 = j, -8*o + 10*o = -7*j + 3322. Calculate the highest common factor of j and 560.
28
Suppose 39 = 6*v - 3. Let g be (8/20)/(3*2/330). Suppose -2*c - g = -2*u, 5*u + 0*c - 3*c = 47. Calculate the greatest common divisor of v and u.
7
Let b = 3 + -2. Let q be (b - 0)*5*-2. Let y = 2 - q. Calculate the greatest common factor of y and 12.
12
Suppose 0 = 16*n - 15*n - 2569. Let d = n - 1431. Suppose 4*t - 4*j - 996 = 0, 5*t - d = 3*j + 113. What is the highest common factor of 14 and t?
14
Suppose 4*c - 4298 = -5*f, -5*c + 5*f = 1263 - 6613. Calculate the highest common factor of 64 and c.
16
Let r = 110 - -10. Suppose -127*j = -139*j + 412 + 164. Calculate the greatest common divisor of r and j.
24
Let q be (-90)/(-4)*8568/140. Suppose q = 3*y + 2*z + z, -2*y - 3*z = -915. Calculate the greatest common divisor of 84 and y.
42
Suppose 2058 - 51169 + 260047 = 68*u. What is the highest common factor of 94 and u?
94
Suppose -t + 2 = 0, 6*t + 2462 = -5*a + 2*t. Let m = 1271 + a. Calculate the highest common factor of 21 and m.
21
Let b(o) = -o**3 + 5*o**2 - 2*o + 15. Let a be b(5). Suppose 3*l = 2*v - l - 2, -4*v = a*l - 69. What is the greatest common divisor of v and 187?
11
Let a(n) = -n**2 - 29*n - 40. Let q be ((-162)/(6 - 0))/1. Let t be a(q). Calculate the greatest common divisor of t and 266.
14
Let u = 2645 + -2641. What is the highest common factor of 1362 and u?
2
Suppose y = 18 + 25. Let j be (7/5)/(123/(-615)). Let w(m) = -88*m - 401. Let d be w(j). Calculate the greatest common divisor of y and d.
43
Suppose l + 4*l = -5*u - 30, u = -4*l - 9. Let m be ((l - 1)/(-4))/((-6)/(-84)). Suppose 6*v + 31 = m*v. What is the highest common divisor of v and 62?
31
Let x(b) = 2*b**2 - 31*b + 31. Let s be x(1). Suppose 0 = -s*k + z + 210, 4*k - 210 = 2*k + 4*z. What is the highest common factor of k and 3?
3
Let f = 6974 + -4162. Calculate the greatest common divisor of 152 and f.
76
Let f(r) = -r**3 - 34*r**2 - 6*r - 3. Let p be f(-34). Suppose 0 = 4*y + p - 573. What is the greatest common divisor of 3 and y?
3
Suppose -1127*k + 2*m = -1130*k + 1320, k - 2*m - 456 = 0. What is the highest common divisor of k and 192?
12
Suppose 4*b + v = -2*v + 374, 3*v + 362 = 4*b. Suppose -6*l - b = -260. What is the highest common divisor of 98 and l?
14
Suppose 2*x - 42 = 4*k, 101 - 166 = -5*x + 2*k. Let h(d) = 6*d**2 + 5*d + 1. Let u be h(5). What is the greatest common factor of u and x?
11
Let c be 642/30 - 4/10. Suppose 1 - c = -5*b. Suppose -h = b*h - 90. Calculate the highest common divisor of 90 and h.
18
Let w(i) = 309*i - 272. Let v be w(5). Calculate the greatest common factor of v and 19.
19
Suppose -4*t + 569 + 1431 = 12*t. What is the highest common factor of t and 1375?
125
Suppose -2758 = -5*i - 3*c, -5*i = 4*c - 5*c - 2774. Suppose -10*o + i = -76. Let s = -33 - -75. What is the highest common factor of o and s?
21
Let v(n) = 2*n**3 - 25*n**2 - 7*n + 11. Let w be v(13). Suppose w*o - 66*o - 115 = 0. What is the highest common factor of o and 10?
5
Let k(g) = -2*g**3 - g**2 + 9. Let j be k(-7). Suppose 299 = 5*c - j. Let n = 13715 - 13694. What is the greatest common factor of c and n?
21
Let l(i) = -i**3 + 18*i**2 + 67*i - 64. Let q be l(21). Calculate the highest common divisor of q and 1420.
20
Let m(h) = 162. Let v(c) = 2*c - 485. Let k(p) = 7*m(p) + 2*v(p). Let b be k(-36). What is the highest common factor of 220 and b?
20
Let z be 2/(-2) - 450/(-10). Suppose m - 5*m = -58*m + 8910. Calculate the greatest common divisor of z and m.
11
Let b(w) = -w**3 + 11*w**2 + 10*w - 20. Let i be b(10). Let s be (-680)/(-70) - (-2)/7. What is the greatest common divisor of i and s?
10
Let y = -298 - -436. Let d be (2 - y)/(-1 + -1). What is the highest common divisor of d and 51?
17
Suppose -5*g - 2*j + 45 = 0, 27*g + 4*j + 18 = 29*g. What is the greatest common factor of g and 17856?
9
Let o = -13846 + 14028. Calculate the highest common divisor of o and 623.
7
Let w = -106 - -106. Suppose w*r = -10*r - 190. Let u(z) = -z**3 - 19*z**2 - z + 5. Let n be u(r). What is the highest common divisor of 36 and n?
12
Let r be 2 - 3/6*-68. Suppose -t + 59 = 5*k - k, -4*t = -k + r. What is the greatest common divisor of 16 and k?
16
Let t = 732 - -2992. What is the greatest common divisor of 14 and t?
14
Suppose -5*r + 35 = 3*s + 2*s, r = -5*s + 7. Suppose 4*v - 4*p - 518 = 18, 4*p = 4. Let w = v - 86. Calculate the highest common factor of r and w.
7
Suppose 14689 = -357*p + 17280 + 24898. Suppose 11 = 5*r - 24. What is the highest common factor of r and p?
7
Let y(m) be the third derivative of -m**4/8 + 9*m**3 - 46*m**2. Let c be y(10). Calculate the greatest common divisor of c and 18.
6
Suppose -6*m + 60 + 30 = 0. Let r = 691 - 688. Calculate the highest common factor of r and m.
3
Let q be (42/(-12) + 4)*22. Suppose -4 - 7 = -q*z. Suppose -4*h + 9 = 4*g - 11, -g = z. Calculate the greatest common divisor of 12 and h.
6
Let g = 4681 - 4483. What is the highest common factor of 891 and g?
99
Let p be (-4 - (7 - 3)*-1) + -198. Let x = 244 + p. What is the highest common divisor of x and 23?
23
Suppose 0 = -2*j + 5*x + 87, 70 = 4*j - 2*x - 144. Suppose 0*c = c. Suppose 3*q + 0*k = k + j, c = 5*k - 20. What is the highest common factor of q and 4?
4
Let n be -6 - (306/(-68) + 1/(-2)). Let c be 816/(-6)